). List the prime factors of (-1)/(-2) - (-2712)/o.
2, 5, 17
Let i(z) be the first derivative of z**4/4 - 3*z**3 + 6*z**2 - 34*z + 12. What are the prime factors of i(10)?
2, 3, 31
Let u = -204 + 89. Let y = u + 141. Let s = 156 + y. List the prime factors of s.
2, 7, 13
Suppose 0 = -3*z + 9. Let g be z*2/18*0. Let j = 91 + g. List the prime factors of j.
7, 13
Suppose -87*r - 108 = -114*r. Let s(x) = 9*x**3 + 3*x**2 + 13*x - 3. What are the prime factors of s(r)?
673
Suppose 0 = 5*v - 7 - 3. Let g be 6 - (6 - 8) - 5. List the prime factors of (-2)/g + ((-5572)/(-21))/v.
2, 3, 11
Suppose 5*o - 3*r = 192, o = 4*r - 14 + 66. Suppose -5*q + 5*x = -30, o = q + q + 4*x. Suppose -6 = -2*u + q. List the prime factors of u.
2
Suppose -2*z + 0*z = 3*w - 862, w - 2*z = 298. Suppose -w = -17*x + 951. List the prime factors of x.
73
Let n(o) = 42*o**2 - 4*o + 2. Suppose -3*r + 3*i = -2*r + 90, -3*i = 3*r + 318. Let y = r + 103. List the prime factors of n(y).
2, 5
Suppose 2*x - 14 = 0, -89*x + 88*x = r - 38044. What are the prime factors of r?
3, 31, 409
Let u(a) = -9*a**2 + 14*a - 9. Let v(g) = 26*g**2 - 41*g + 28. Let b(l) = 17*u(l) + 6*v(l). Let y be -1 - 0 - (-35)/5. List the prime factors of b(y).
3, 5
Let u = 5986 - 4091. Suppose -3*a + u = 4*m, -m + 476 = 2*a + a. List the prime factors of m.
11, 43
Suppose 5*m = -25, -3*m + 111 = 5*g - 3*g. Suppose 4*z = g + 797. Let t = -90 + z. What are the prime factors of t?
5
Let s(m) = 17*m**2 + 41*m - 125. Let j(n) = -8*n**2 - 20*n + 62. Let a(f) = -13*j(f) - 6*s(f). What are the prime factors of a(6)?
2, 5
Let z(j) = -j**2 + 36*j + 254. Let g be z(42). Let v(r) = 188*r**2 - 5*r + 6. What are the prime factors of v(g)?
2, 11, 17
Let c = 25747 - 15120. List the prime factors of c.
10627
Let o(f) = -29*f**3 - f**2 - 4*f - 8. Let w(g) = -g**3 - 5*g**2 + g + 3. Let s be w(-5). What are the prime factors of o(s)?
2, 3, 19
Suppose -3*f - 1 = -5*r, -6*r - 3*f = -5*r - 11. Let g(u) = 6*u**2 + 3*u**3 - u + 10 - 19*u**2 + 8*u**r. What are the prime factors of g(3)?
43
Let b(x) be the second derivative of x**4/2 - x**3/6 - 29*x**2 + 3*x + 58. List the prime factors of b(16).
2, 17, 43
Suppose -28*g + 23*g = 4275. Let w = -153 - g. List the prime factors of w.
2, 3, 13
Let l = -8327 - -11501. What are the prime factors of l?
2, 3, 23
Let t = -398 - -503. Suppose 118*q - t*q = 12493. What are the prime factors of q?
31
Let r = -1043 - -1630. Let z = r + -224. What are the prime factors of z?
3, 11
Suppose 0 = -8*i - i + 90. Let m(p) = -3*p**2 + 7*p + 7. Let l be m(-3). Let w = i - l. What are the prime factors of w?
3, 17
Suppose 0 = -2*f - 14 + 72. Let w(j) = -7*j**2 + f*j**2 - 10*j**2 - j + 80*j**2. What are the prime factors of w(-1)?
3, 31
Suppose 38*d - 33*d - 575 = 0. Let t = 122 - d. List the prime factors of t.
7
Suppose 6*q = -u - 0*q + 72973, 145871 = 2*u - 3*q. List the prime factors of u.
13, 31, 181
Suppose -16*l - 20 = -11*l. What are the prime factors of 8982/24 + 1/l?
2, 11, 17
Let i = -1700 + 65407. List the prime factors of i.
7, 19, 479
Let f be (6 - 12 - -3) + 6. List the prime factors of -65*(-32 - f)/5.
5, 7, 13
Suppose -4*z - 5*m + 1091 = 0, z + 2*z = 4*m + 826. Let y = 477 - z. List the prime factors of y.
7, 29
Let z(v) = 117*v + 137. Let r be z(6). What are the prime factors of r - (1/4 - (-15)/(-12))?
2, 3, 5, 7
Suppose -9*s - 5 = -4*s. Suppose 3*t + 5 = k, 2 = -4*t - 3*k - 22. List the prime factors of 95 + (s/t - 40/12).
2, 23
Let t(r) = 1520*r - 8049. What are the prime factors of t(8)?
4111
List the prime factors of 57207 + 13/(39/6).
19, 3011
Let o be -1*(-35 - -1)*(-16 + 39). Suppose -311 = -y + 3*r, 488 = 4*y + r - o. What are the prime factors of y?
317
Suppose -3*d = -7*d. Suppose 3*s - 5*x = s + 16, d = 3*x + 6. Suppose -2*m = s*j - 9 - 192, -20 = 4*j. List the prime factors of m.
2, 3
What are the prime factors of (-8)/((-16)/(-12)*(-10 - -8)/3028)?
2, 3, 757
Let m = 6218 + 49. What are the prime factors of m?
3, 2089
Let q(y) be the second derivative of -14*y + 0 + 0*y**3 + 17/12*y**4 + 0*y**2. List the prime factors of q(-2).
2, 17
Suppose 6*y + 14 - 38 = 0. Suppose 3*t + 0*f + 3*f = 2529, 3369 = y*t + f. List the prime factors of t.
2, 421
Let v = 20102 + -13223. List the prime factors of v.
3, 2293
Suppose -6*h - h + 4*h = 0. Let g be 0 + 0 + h + 9/3. Let u(z) = 10*z**2 + 3*z - 4. List the prime factors of u(g).
5, 19
Suppose -28 = -4*r - 2*f + 5*f, 0 = 4*f - 16. Suppose 0 = -3*j - r + 19. List the prime factors of 346/6 + -3 + 7/j.
3, 19
Let y(v) = -2*v**2 - 11*v + 101. Let d be y(-10). Suppose -d*k - 848 = -12915. What are the prime factors of k?
1097
Suppose -t = 3, -5*d - 36 = -t - 9. Let j(g) = -28*g + 30. What are the prime factors of j(d)?
2, 3, 11
Suppose 24*g + 31*g - 1373142 - 293688 = 0. What are the prime factors of g?
2, 3, 5051
Let o be (-6 - 132/(-18))/((-3)/9). List the prime factors of o/(-14) + (-54792)/(-63).
2, 3, 5, 29
Suppose -6*q = -25699 - 23345. List the prime factors of q.
2, 61, 67
Let c = 12159 - 12102. Let d(n) = 5*n**3 + 3*n**2 - 4*n. Let f be d(3). Let s = f - c. List the prime factors of s.
3, 31
Let r(a) = -53*a - 1. Let c be r(-1). Let s = -110 - c. Let k = -93 - s. List the prime factors of k.
3, 23
Suppose -3*b + 55 = -5*q - 151, 4*q = 4*b - 168. Let y = q + 42. Suppose 59 = y*c + 3. List the prime factors of c.
2, 7
Let q(v) = 8*v - 82. Let x be q(11). List the prime factors of x*1 + (-72 - -96).
2, 3, 5
Suppose 3*m = -9*j + 7*j + 36074, -48137 = -4*m + 5*j. What are the prime factors of m?
2, 31, 97
Let u be 14/5 - (-11)/55. Suppose u*y = y + 282. List the prime factors of y.
3, 47
Let k(u) = 11*u**2 - 8*u + 9938. List the prime factors of k(0).
2, 4969
Let g = -2 + 5. Suppose 4*m - g*u + 54 = 0, 5*m = -5*u - 71 - 14. What are the prime factors of 86 - ((-5)/m)/((-3)/27)?
89
Suppose 5262 = 2*g - 12944 - 1794. What are the prime factors of g?
2, 5
List the prime factors of (16838*(-1)/(-8))/(2/(13 + 3)).
2, 8419
Suppose 0 = -4*l - 12 + 4. Let w be 2/(-10)*-3 + l/(-5). Suppose 34 = 3*m + w. List the prime factors of m.
11
Suppose 0 = -3*x - 5*s + 30, -31 = -3*x - 4*s + 2. Suppose 3864 = x*c + 6*c. List the prime factors of c.
2, 23
Let w = -80 + 22. Let s = 44 + w. Let c(k) = -10*k + 4. What are the prime factors of c(s)?
2, 3
Suppose 0 = 9*c + 5*c - 1232. Let i = c - -57. What are the prime factors of i?
5, 29
List the prime factors of (8/(-4) + 3)/(89/1324409).
23, 647
Let p(c) = c**2 - 12*c + 1. Let w be p(10). Let s = w - -60. Let n = s + 45. List the prime factors of n.
2, 43
What are the prime factors of 39*(-19)/(-57)*1214?
2, 13, 607
Let j(v) be the first derivative of v**3/3 - 3*v**2/2 - 5*v + 26. Let h = 13 + -19. List the prime factors of j(h).
7
Let t(u) = -2*u**2 - u + 1. Let d(b) = 5*b**2 - 51*b - 153. Let i(q) = -d(q) - 2*t(q). List the prime factors of i(31).
7, 17
Let t = 88760 - 60243. List the prime factors of t.
28517
Let x(g) be the third derivative of 7*g**4/6 + 9*g**3 + 20*g**2 + 2. What are the prime factors of x(7)?
2, 5
Let k(v) be the second derivative of v**5/20 - v**4/4 - v**3/6 + 3*v**2/2 - 6*v. Let b be k(3). Suppose -6*d + 5*d + 113 = b. What are the prime factors of d?
113
Suppose 0 = 371*h - 368*h. Suppose h = -2*l - 8, -5*l = -4*z + 3395 - 79. List the prime factors of z.
2, 103
Suppose 0 = -2*g + 3*a + 5253, 5*g - 5*a = g + 10511. List the prime factors of g.
2, 3, 439
Let z(j) = -j**3 + 103*j**2 - 66*j + 574. What are the prime factors of z(97)?
2, 17, 1489
Let i(j) = 274*j**2 + 18*j + 35. Let r be (-840)/378 - (-2 + (-16)/(-9)). List the prime factors of i(r).
3, 5, 73
Let g = 32 + -22. Suppose 10*t = 8*t - g. Let r(n) = 3*n**2 - 5*n - 5. What are the prime factors of r(t)?
5, 19
Let k = 809 - 718. Suppose -6*m + 2*m + 179 = t, 0 = -2*m + t + k. List the prime factors of m.
3, 5
Suppose 0 = -76*t + 47*t + 397329. List the prime factors of t.
3, 4567
Suppose -3*c = 4*m - 29750, -m = 9*c - 7*c - 7435. What are the prime factors of m?
43, 173
Suppose 2*z + 6 = -0. Let p be (-78)/(-4)*(-8)/z. Suppose p - 1 = q. List the prime factors of q.
3, 17
Let r = 2883 - -1054. What are the prime factors of r?
31, 127
Let z(q) = -q**3 + 28*q**2 + 102*q + 2. List the prime factors of z(16).
2, 13, 181
Let c be 0 - -4